d 453058?
718
What is the highest common factor of 1598984 and 568?
8
What is the greatest common divisor of 13 and 53884883?
13
What is the greatest common factor of 96 and 14704192?
32
What is the greatest common divisor of 133 and 7363279?
133
What is the greatest common factor of 13669217 and 12952?
1619
Calculate the highest common factor of 2043 and 204453.
9
What is the highest common divisor of 30 and 10554890?
10
Calculate the highest common divisor of 176 and 8481344.
16
What is the greatest common divisor of 9822 and 538437129?
4911
Calculate the greatest common factor of 10489694 and 262.
262
Calculate the greatest common factor of 5790086 and 3749.
163
What is the highest common divisor of 53238730 and 5848?
1462
Calculate the highest common factor of 6032 and 1319916.
52
Calculate the highest common factor of 71906826 and 12.
6
Calculate the greatest common factor of 590868 and 46467.
27
Calculate the greatest common divisor of 1487484 and 93636.
324
Calculate the greatest common factor of 40717430 and 182.
26
What is the highest common divisor of 26144 and 1971808?
1376
Calculate the highest common factor of 1843777728 and 13.
13
What is the highest common factor of 4762195 and 95?
5
Calculate the greatest common factor of 192170 and 80.
10
Calculate the greatest common factor of 41300 and 35636.
236
Calculate the greatest common divisor of 19590 and 78225.
15
What is the greatest common divisor of 18 and 6104421?
9
What is the greatest common divisor of 117 and 11916242?
13
What is the highest common divisor of 112410818 and 2938?
2938
What is the greatest common divisor of 3488940 and 2010?
30
Calculate the greatest common divisor of 14478 and 319278.
762
Calculate the highest common divisor of 5207 and 1493774.
127
Calculate the greatest common factor of 439979 and 8251.
223
What is the highest common divisor of 8679519 and 15408?
963
Calculate the greatest common divisor of 30869568 and 1476.
36
What is the highest common factor of 40 and 208812920?
40
What is the highest common factor of 306 and 14489984?
34
What is the greatest common factor of 3363520 and 33304?
184
What is the highest common factor of 5510 and 564110?
190
What is the greatest common divisor of 1178 and 5577241?
589
What is the highest common factor of 1324692 and 45756?
1116
What is the highest common divisor of 60911322 and 2091?
123
What is the greatest common divisor of 2572911 and 297?
297
What is the greatest common divisor of 20604 and 189088059?
5151
What is the highest common divisor of 9150 and 9358071?
183
Calculate the greatest common divisor of 1693704 and 2328.
24
What is the highest common divisor of 14576 and 361667?
911
Calculate the highest common factor of 3501 and 6658124.
389
Calculate the greatest common divisor of 160 and 49140640.
160
Calculate the highest common divisor of 202 and 9311998.
202
Calculate the highest common factor of 2004 and 450835204.
668
What is the highest common factor of 61341368 and 184?
184
What is the highest common divisor of 38745314 and 184313?
1237
Calculate the greatest common factor of 100538472 and 148.
148
Calculate the highest common divisor of 217704704 and 1024.
256
What is the greatest common factor of 1290 and 782256?
258
What is the highest common divisor of 26465 and 983629?
79
Calculate the highest common divisor of 408892094 and 26.
26
Calculate the highest common divisor of 20119648 and 12932.
212
What is the greatest common divisor of 1350 and 5778?
54
Calculate the greatest common divisor of 1076692 and 1178.
1178
What is the greatest common divisor of 1892 and 33?
11
Calculate the highest common divisor of 141 and 48904675.
47
Calculate the highest common divisor of 23030 and 32477.
47
Calculate the greatest common divisor of 8528925 and 195.
15
Calculate the greatest common factor of 6098294 and 26.
2
What is the highest common factor of 198 and 14548545?
99
What is the greatest common divisor of 9945 and 156037815?
765
What is the highest common factor of 2738286 and 15120?
54
What is the greatest common factor of 109888 and 4726?
34
What is the highest common factor of 2409 and 141108?
33
What is the highest common divisor of 305518 and 1550426?
346
What is the greatest common divisor of 48 and 32582624?
16
Calculate the highest common divisor of 571933 and 9.
1
Calculate the highest common divisor of 962 and 195598.
26
Calculate the greatest common divisor of 149533945 and 220.
55
Calculate the greatest common factor of 886501 and 33292.
203
What is the greatest common divisor of 5940 and 83792940?
660
Calculate the highest common divisor of 7740 and 1906620.
2580
What is the greatest common divisor of 408 and 8102952?
24
Calculate the greatest common factor of 576 and 1450216.
8
Calculate the highest common divisor of 35782668 and 1353.
123
What is the greatest common divisor of 60 and 282832260?
60
Calculate the greatest common factor of 57936 and 1789981.
1207
Calculate the greatest common factor of 42021694 and 31759.
4537
Calculate the highest common divisor of 179278 and 3752716.
638
Calculate the greatest common factor of 1776866910 and 3590.
3590
Calculate the greatest common divisor of 8372 and 120302.
182
What is the highest common factor of 3633 and 588?
21
What is the greatest common divisor of 91 and 9408308?
91
Calculate the greatest common divisor of 1401150 and 19725.
75
What is the greatest common factor of 831240 and 64080?
360
Calculate the greatest common divisor of 5892 and 28986676.
1964
What is the highest common divisor of 5478 and 437877?
33
Calculate the highest common divisor of 4687699628 and 4204.
4204
What is the highest common divisor of 364 and 2105404?
28
Calculate the highest common divisor of 57975262 and 6306.
2102
Calculate the greatest common factor of 25569068 and 4060.
812
Calculate the greatest common factor of 62415 and 5870295.
3285
What is the highest common divisor of 3109190 and 6790?
70
Calculate the greatest common divisor of 10607472 and 2736.
2736
Calculate the greatest common divisor of 20091 and 1180482.
543
What is the highest common factor of 305 and 14048666?
61
Calculate the greatest common factor of 51493 and 190723.
221
Calculate the highest common divisor of 704612 and 196.
4
Calculate the highest common divisor of 1350002 and 49396.
466
What is the highest common factor of 781776 and 53802?
1098
What is the highest common factor of 2512 and 39617694?
314
What is the greatest common factor of 705834 and 5022?
162
Calculate the highest common factor of 1629264 and 25116.
1092
What is the highest common factor of 90459985 and 770?
385
Calculate the highest common divisor of 1414720 and 30.
10
Calculate the highest common divisor of 8290 and 316010.
10
Calculate the highest common divisor of 2356 and 77939520.
76
Calculate the greatest common divisor of 88919713 and 11919.
3973
Calculate the greatest common factor of 1891588 and 703.
37
Calculate the greatest common divisor of 13060818 and 54.
54
Calculate the greatest common factor of 10263 and 3485999.
3421
Calculate the highest common factor of 43494650 and 70.
10
What is the greatest common divisor of 2584 and 9335346?
646
What is the highest common factor of 656285 and 2198?
7
Calculate the greatest common factor of 21684822 and 12.
6
Calculate the highest common divisor of 30 and 40977030.
30
What is the highest common factor of 261 and 5843935?
29
Calculate the greatest common divisor of 10 and 355617830.
10
Calculate the greatest common divisor of 15874418 and 28.
14
What is the highest common divisor of 5930 and 2560?
10
What is the highest common factor of 1941 and 36269526?
1941
Calculate the highest common factor of 144136124 and 3036.
1012
Calculate the greatest common factor of 2889095 and 517.
11
Calculate the greatest common divisor of 50 and 1061245500.
50
What is the highest common factor of 225 and 51600?
75
What is the highest common factor of 24893765 and 3485?
205
What is the greatest common divisor of 35787356 and 1012?
1012
Calculate the greatest common divisor of 13309460 and 80.
20
What is the highest common factor of 525703 and 15742999?
4013
Calculate the highest common factor of 786097 and 11492.
221
What is the highest common factor of 33846 a